
What is the hundreds digit of 35159?
1
What is the tens digit of 20256?
5
What is the hundreds digit of 2239?
2
What is the tens digit of 1088?
8
What is the hundreds digit of 1436?
4
What is the tens digit of 1633?
3
What is the tens digit of 99793?
9
What is the hundreds digit of 25808?
8
What is the hundreds digit of 18480?
4
What is the units digit of 7227?
7
What is the thousands digit of 16510?
6
What is the ten thousands digit of 144791?
4
What is the units digit of 63085?
5
What is the tens digit of 4100?
0
What is the units digit of 9861?
1
What is the hundreds digit of 1546?
5
What is the units digit of 148?
8
What is the tens digit of 5034?
3
What is the hundreds digit of 6361?
3
What is the tens digit of 4741?
4
What is the thousands digit of 32564?
2
What is the ten thousands digit of 20786?
2
What is the tens digit of 6252?
5
What is the hundreds digit of 1673?
6
What is the hundreds digit of 5585?
5
What is the units digit of 1337?
7
What is the tens digit of 690?
9
What is the units digit of 1831?
1
What is the tens digit of 53146?
4
What is the hundreds digit of 1589?
5
What is the hundred thousands digit of 119771?
1
What is the ten thousands digit of 137726?
3
What is the thousands digit of 4801?
4
What is the tens digit of 6803?
0
What is the hundreds digit of 4203?
2
What is the units digit of 32108?
8
What is the ten thousands digit of 20046?
2
What is the hundreds digit of 462?
4
What is the hundreds digit of 4106?
1
What is the thousands digit of 10638?
0
What is the tens digit of 121692?
9
What is the units digit of 899?
9
What is the units digit of 548?
8
What is the tens digit of 7692?
9
What is the tens digit of 32362?
6
What is the thousands digit of 35002?
5
What is the tens digit of 19652?
5
What is the tens digit of 315?
1
What is the hundred thousands digit of 196803?
1
What is the units digit of 144606?
6
What is the thousands digit of 1713?
1
What is the tens digit of 2869?
6
What is the units digit of 172438?
8
What is the ten thousands digit of 45976?
4
What is the tens digit of 359?
5
What is the units digit of 52527?
7
What is the units digit of 175?
5
What is the hundreds digit of 45047?
0
What is the thousands digit of 2715?
2
What is the units digit of 9023?
3
What is the hundreds digit of 3014?
0
What is the thousands digit of 4368?
4
What is the units digit of 1217?
7
What is the thousands digit of 12139?
2
What is the hundred thousands digit of 189292?
1
What is the hundreds digit of 9343?
3
What is the units digit of 25501?
1
What is the ten thousands digit of 67385?
6
What is the hundreds digit of 1193?
1
What is the hundreds digit of 1596?
5
What is the tens digit of 185?
8
What is the hundreds digit of 24623?
6
What is the tens digit of 3523?
2
What is the ten thousands digit of 25405?
2
What is the thousands digit of 8512?
8
What is the units digit of 5151?
1
What is the ten thousands digit of 50531?
5
What is the thousands digit of 17854?
7
What is the units digit of 855?
5
What is the units digit of 7801?
1
What is the ten thousands digit of 39373?
3
What is the tens digit of 42573?
7
What is the units digit of 2952?
2
What is the ten thousands digit of 31058?
3
What is the hundreds digit of 6488?
4
What is the units digit of 10135?
5
What is the hundreds digit of 17971?
9
What is the thousands digit of 125917?
5
What is the hundreds digit of 25530?
5
What is the hundreds digit of 1052?
0
What is the units digit of 474?
4
What is the hundreds digit of 19295?
2
What is the units digit of 202?
2
What is the hundreds digit of 459?
4
What is the ten thousands digit of 14942?
1
What is the ten thousands digit of 10047?
1
What is the hundreds digit of 1124?
1
What is the tens digit of 33588?
8
What is the hundreds digit of 2405?
4
What is the hundreds digit of 278?
2
What is the units digit of 13232?
2
What is the units digit of 159?
9
What is the tens digit of 1591?
9
What is the hundreds digit of 2472?
4
What is the units digit of 1278?
8
What is the tens digit of 444?
4
What is the hundreds digit of 3635?
6
What is the hundreds digit of 429?
4
What is the hundreds digit of 4079?
0
What is the hundreds digit of 2631?
6
What is the thousands digit of 1272?
1
What is the units digit of 932?
2
What is the ten thousands digit of 78631?
7
What is the units digit of 1103?
3
What is the tens digit of 4821?
2
What is the ten thousands digit of 51482?
5
What is the hundreds digit of 704?
7
What is the hundreds digit of 33000?
0
What is the tens digit of 2573?
7
What is the thousands digit of 1237?
1
What is the hundreds digit of 26972?
9
What is the units digit of 1068?
8
What is the ten thousands digit of 17400?
1
What is the hundred thousands digit of 140850?
1
What is the thousands digit of 2500?
2
What is the hundreds digit of 1301?
3
What is the units digit of 1044?
4
What is the tens digit of 1945?
4
What is the units digit of 6630?
0
What is the tens digit of 25098?
9
What is the thousands digit of 1202?
1
What is the thousands digit of 4664?
4
What is the ten thousands digit of 33633?
3
What is the tens digit of 7108?
0
What is the hundreds digit of 10336?
3
What is the tens digit of 1689?
8
What is the units digit of 74?
4
What is the thousands digit of 1162?
1
What is the units digit of 33597?
7
What is the units digit of 460?
0
What is the units digit of 974?
4
What is the ten thousands digit of 12401?
1
What is the hundreds digit of 2877?
8
What is the ten thousands digit of 11570?
1
What is the hundreds digit of 23876?
8
What is the units digit of 1339?
9
What is the units digit of 2162?
2
What is the tens digit of 1825?
2
What is the tens digit of 15247?
4
What is the thousands digit of 44371?
4
What is the thousands digit of 6490?
6
What is the hundreds digit of 107412?
4
What is the thousands digit of 7178?
7
What is the tens digit of 1613?
1
What is the tens digit of 3516?
1
What is the tens digit of 3244?
4
What is the thousands digit of 1919?
1
What is the thousands digit of 1336?
1
What is the units digit of 105?
5
What is the ten thousands digit of 28660?
2
What is the thousands digit of 1345?
1
What is the hundreds digit of 217?
2
What is the hundreds digit of 1163?
1
What is the units digit of 2235?
5
What is the tens digit of 102542?
4
What is the units digit of 3889?
9
What is the thousands digit of 5485?
5
What is the hundreds digit of 644?
6
What is the ten thousands digit of 57766?
5
What is the hundreds digit of 27141?
1
What is the thousands digit of 1263?
1
What is the ten thousands digit of 36083?
3
What is the hundreds digit of 463?
4
What is the units digit of 1614?
4
What is the tens digit of 790?
9
What is the tens digit of 18633?
3
What is the hundreds digit of 2567?
5
What is the tens digit of 28539?
3
What is the hundreds digit of 1425?
4
What is the thousands digit of 12737?
2
What is the tens digit of 5492?
9
What is the units digit of 708?
8
What is the tens digit of 93?
9
What is the hundreds digit of 930?
9
What is the hundreds digit of 979?
9
What is the ten thousands digit of 33680?
3
What is the thousands digit of 14714?
4
What is the hundreds digit of 911?
9
What is the ten thousands digit of 11200?
1
What is the thousands digit of 55162?
5
What is the hundreds digit of 474?
4
What is the tens digit of 4824?
2
What is the units digit of 556?
6
What is the units digit of 1116?
6
What is the thousands digit of 3328?
3
What is the tens digit of 1380?
8
What is the tens digit of 4233?
3
What is the units digit of 30591?
1
What is the thousands digit of 2294?
2
What is the thousands digit of 3844?
3
What is the hundreds digit of 5792?
7
What is the ten thousands digit of 14371?
1
What is the hundreds digit of 921?
9
What is the hundreds digit of 8300?
3
What is the hundreds digit of 176?
1
What is the units digit of 42347?
7
What is the tens digit of 1084?
8
What is the units digit of 7736?
6
What is the units digit of 1307?
7
What is the hundreds digit of 1563?
5
What is the hundreds digit of 2365?
3
What is the ten thousands digit of 86862?
8
What is the hundreds digit of 48555?
5
What is the hundreds digit of 83393?
3
What is the tens digit of 924?
2
What is the thousands digit of 13444?
3
What is the hundreds digit of 9919?
9
What is the units digit of 